What is the units digit of 80577?
7
What is the hundred thousands digit of 393392?
3
What is the thousands digit of 10117253?
7
What is the hundred thousands digit of 1877469?
8
What is the ten millions digit of 12181386?
1
What is the tens digit of 45935?
3
What is the tens digit of 96041?
4
What is the ten thousands digit of 222791?
2
What is the ten thousands digit of 296031?
9
What is the units digit of 9626607?
7
What is the ten thousands digit of 5279579?
7
What is the tens digit of 3262190?
9
What is the tens digit of 649116?
1
What is the thousands digit of 5273657?
3
What is the units digit of 8852766?
6
What is the hundred thousands digit of 528036?
5
What is the thousands digit of 10854193?
4
What is the units digit of 5662735?
5
What is the tens digit of 101592?
9
What is the hundred thousands digit of 324325?
3
What is the units digit of 972623?
3
What is the ten millions digit of 36478355?
3
What is the thousands digit of 444287?
4
What is the hundred thousands digit of 542059?
5
What is the thousands digit of 1402692?
2
What is the hundred thousands digit of 624815?
6
What is the ten millions digit of 17597080?
1
What is the hundred thousands digit of 2304411?
3
What is the thousands digit of 8190358?
0
What is the ten millions digit of 16704571?
1
What is the hundreds digit of 3509354?
3
What is the tens digit of 1648013?
1
What is the ten thousands digit of 82441?
8
What is the hundred thousands digit of 4888834?
8
What is the tens digit of 2612?
1
What is the hundred thousands digit of 1204659?
2
What is the units digit of 2784264?
4
What is the tens digit of 322363?
6
What is the thousands digit of 382586?
2
What is the millions digit of 4748814?
4
What is the ten thousands digit of 95240?
9
What is the ten thousands digit of 169556?
6
What is the hundred thousands digit of 500512?
5
What is the units digit of 1939851?
1
What is the hundreds digit of 9714498?
4
What is the tens digit of 7163?
6
What is the tens digit of 543670?
7
What is the thousands digit of 2576843?
6
What is the thousands digit of 1393000?
3
What is the ten thousands digit of 256937?
5
What is the hundreds digit of 7406207?
2
What is the hundred thousands digit of 203562?
2
What is the tens digit of 493917?
1
What is the thousands digit of 10664103?
4
What is the thousands digit of 598044?
8
What is the hundred thousands digit of 23309628?
3
What is the hundred thousands digit of 1187778?
1
What is the units digit of 12215162?
2
What is the hundred thousands digit of 3800873?
8
What is the ten thousands digit of 947388?
4
What is the ten millions digit of 34420960?
3
What is the hundreds digit of 301234?
2
What is the units digit of 24056538?
8
What is the millions digit of 7222725?
7
What is the hundred thousands digit of 1936864?
9
What is the ten thousands digit of 348612?
4
What is the hundreds digit of 1109886?
8
What is the units digit of 1450251?
1
What is the hundred thousands digit of 14098524?
0
What is the hundreds digit of 457404?
4
What is the hundreds digit of 48461?
4
What is the hundreds digit of 2527540?
5
What is the ten thousands digit of 644230?
4
What is the tens digit of 33781?
8
What is the units digit of 70130?
0
What is the tens digit of 5848191?
9
What is the units digit of 257822?
2
What is the tens digit of 94870?
7
What is the thousands digit of 15122606?
2
What is the thousands digit of 134759?
4
What is the ten thousands digit of 5494777?
9
What is the ten thousands digit of 23656606?
5
What is the units digit of 238952?
2
What is the millions digit of 3165734?
3
What is the tens digit of 6800236?
3
What is the ten thousands digit of 2824894?
2
What is the hundred thousands digit of 4093709?
0
What is the ten thousands digit of 297555?
9
What is the hundred thousands digit of 28166526?
1
What is the thousands digit of 472797?
2
What is the hundred thousands digit of 595845?
5
What is the thousands digit of 448514?
8
What is the thousands digit of 12315568?
5
What is the thousands digit of 3784772?
4
What is the thousands digit of 4021360?
1
What is the hundred thousands digit of 1160222?
1
What is the millions digit of 5979129?
5
What is the hundred thousands digit of 5221887?
2
What is the ten thousands digit of 67273?
6
What is the ten thousands digit of 36622402?
2
What is the tens digit of 634068?
6
What is the hundred thousands digit of 3208197?
2
What is the tens digit of 4636305?
0
What is the tens digit of 62026?
2
What is the hundred thousands digit of 255254?
2
What is the tens digit of 19011186?
8
What is the hundreds digit of 25685880?
8
What is the hundred thousands digit of 1321019?
3
What is the units digit of 7110667?
7
What is the thousands digit of 137630?
7
What is the thousands digit of 651700?
1
What is the hundred thousands digit of 369224?
3
What is the thousands digit of 716235?
6
What is the thousands digit of 183638?
3
What is the thousands digit of 150072?
0
What is the hundreds digit of 22067191?
1
What is the units digit of 108778?
8
What is the hundreds digit of 584526?
5
What is the hundreds digit of 203398?
3
What is the tens digit of 268250?
5
What is the hundreds digit of 916246?
2
What is the tens digit of 8891506?
0
What is the hundred thousands digit of 373691?
3
What is the thousands digit of 1617768?
7
What is the thousands digit of 94902?
4
What is the thousands digit of 117486?
7
What is the ten thousands digit of 548318?
4
What is the ten thousands digit of 2513731?
1
What is the thousands digit of 484368?
4
What is the ten thousands digit of 124269?
2
What is the units digit of 387035?
5
What is the tens digit of 445045?
4
What is the ten thousands digit of 254236?
5
What is the units digit of 5413685?
5
What is the ten thousands digit of 1083969?
8
What is the thousands digit of 242182?
2
What is the hundreds digit of 56824?
8
What is the hundreds digit of 27273?
2
What is the hundreds digit of 1107563?
5
What is the hundreds digit of 1737978?
9
What is the thousands digit of 62810?
2
What is the thousands digit of 386325?
6
What is the tens digit of 133372?
7
What is the hundreds digit of 1973834?
8
What is the thousands digit of 2262384?
2
What is the hundred thousands digit of 3022696?
0
What is the units digit of 1455309?
9
What is the ten thousands digit of 154368?
5
What is the hundreds digit of 115385?
3
What is the millions digit of 10263027?
0
What is the ten thousands digit of 17123447?
2
What is the thousands digit of 212646?
2
What is the tens digit of 17663575?
7
What is the ten millions digit of 10047851?
1
What is the hundred thousands digit of 1799236?
7
What is the hundreds digit of 6432?
4
What is the ten thousands digit of 214398?
1
What is the ten thousands digit of 1131595?
3
What is the tens digit of 28959?
5
What is the units digit of 2216836?
6
What is the hundreds digit of 395926?
9
What is the tens digit of 18752037?
3
What is the hundreds digit of 24565269?
2
What is the hundreds digit of 201522?
5
What is the thousands digit of 525355?
5
What is the hundreds digit of 1781657?
6
What is the thousands digit of 130333?
0
What is the tens digit of 2135388?
8
What is the tens digit of 502484?
8
What is the units digit of 232808?
8
What is the units digit of 1861671?
1
What is the hundred thousands digit of 314321?
3
What is the ten thousands digit of 232892?
3
What is the ten thousands digit of 9513723?
1
What is the hundred thousands digit of 16660016?
6
What is the hundreds digit of 2185272?
2
What is the tens digit of 721944?
4
What is the tens digit of 17912080?
8
What is the ten thousands digit of 177638?
7
What is the hundreds digit of 76635?
6
What is the thousands digit of 1051380?
1
What is the tens digit of 1041999?
9
What is the hundreds digit of 3066452?
4
What is the hundred thousands digit of 14711973?
7
What is the tens digit of 44927?
2
What is the hundreds digit of 679888?
8
What is the millions digit of 2474543?
2
What is the ten thousands digit of 5449434?
4
What is the hundred thousands digit of 23199347?
1
What is the tens digit of 58514?
1
What is the ten thousands digit of 126994?
2
What is the tens digit of 1213412?
1
What is the tens digit of 749282?
8
What is the ten thousands digit of 302478?
0
What is the hundred thousands di